{"id":2971,"date":"2019-10-14T09:26:10","date_gmt":"2019-10-14T12:26:10","guid":{"rendered":"http:\/\/drantoniojunior.com.br\/novo\/?page_id=2971"},"modified":"2019-10-14T09:26:10","modified_gmt":"2019-10-14T12:26:10","slug":"figado","status":"publish","type":"page","link":"http:\/\/drantoniojunior.com.br\/novo\/index.php\/figado\/","title":{"rendered":"F\u00edgado"},"content":{"rendered":"<p>[vc_row rt_row_background_width=&#8221;fullwidth&#8221; rt_row_content_width=&#8221;default&#8221; rt_row_style=&#8221;default-style&#8221; rt_row_borders=&#8221;&#8221; rt_row_paddings=&#8221;false&#8221; rt_bg_effect=&#8221;parallax&#8221; rt_bg_parallax_effect=&#8221;3&#8243; rt_bg_image_repeat=&#8221;repeat&#8221; rt_bg_size=&#8221;cover&#8221; rt_bg_position=&#8221;right top&#8221; rt_bg_video_format=&#8221;self-hosted&#8221;][vc_column rt_wrp_col_paddings=&#8221;false&#8221; rt_border_top=&#8221;&#8221; rt_border_bottom=&#8221;&#8221; rt_border_left=&#8221;&#8221; rt_border_right=&#8221;&#8221; rt_border_top_mobile=&#8221;&#8221; rt_border_bottom_mobile=&#8221;&#8221; rt_border_left_mobile=&#8221;&#8221; rt_border_right_mobile=&#8221;&#8221; rt_bg_image_repeat=&#8221;repeat&#8221; rt_bg_size=&#8221;auto auto&#8221; rt_bg_position=&#8221;right top&#8221; rt_bg_attachment=&#8221;scroll&#8221;]<div class=\"rt_heading_wrapper style-2\">\n\t\t\t\t\t\t<h1 class=\"rt_heading  style-2\" >F\u00cdGADO<\/h1>\n\t\t\t\t\t<\/div>[\/vc_column][\/vc_row][vc_row rt_row_background_width=&#8221;fullwidth&#8221; rt_row_content_width=&#8221;default&#8221; rt_row_style=&#8221;default-style&#8221; rt_row_borders=&#8221;bottom&#8221; rt_row_paddings=&#8221;true&#8221; rt_bg_effect=&#8221;classic&#8221; rt_bg_image_repeat=&#8221;repeat&#8221; rt_bg_size=&#8221;cover&#8221; rt_bg_position=&#8221;right top&#8221; rt_bg_attachment=&#8221;scroll&#8221; rt_bg_video_format=&#8221;self-hosted&#8221;][vc_column width=&#8221;2\/3&#8243; rt_wrp_col_paddings=&#8221;false&#8221; rt_border_top=&#8221;&#8221; rt_border_bottom=&#8221;&#8221; rt_border_left=&#8221;&#8221; rt_border_right=&#8221;&#8221; rt_border_top_mobile=&#8221;&#8221; rt_border_bottom_mobile=&#8221;&#8221; rt_border_left_mobile=&#8221;&#8221; rt_border_right_mobile=&#8221;&#8221; rt_bg_image_repeat=&#8221;repeat&#8221; rt_bg_size=&#8221;auto auto&#8221; rt_bg_position=&#8221;right top&#8221; rt_bg_attachment=&#8221;scroll&#8221;][vc_column_text]\u2022 Abscesso hep\u00e1tico-drenagem cir\u00fargica<br \/>\n\u2022 Abscesso hep\u00e1tico-drenagem cir\u00fargica por videolaparoscopia<br \/>\n\u2022 Anastomose biliodigestiva intra-hep\u00e1tica<br \/>\n\u2022 Bi\u00f3psia hep\u00e1tica por laparotomia<br \/>\n\u2022 Bi\u00f3psia hep\u00e1tica por videolaparoscopia<br \/>\n\u2022 Colecistectomia com colangiografia<br \/>\n\u2022 Colecistectomia com colangiografia por videolaparoscopia<br \/>\n\u2022 Colecistectomia com f\u00edstula biliodigestiva<br \/>\n\u2022 Colecistectomia com f\u00edstula biliodigestiva por videolaparoscopia<br \/>\n\u2022 Colecistectomia sem colangiografia<br \/>\n\u2022 Colecistectomia sem colangiografia por videolaparoscopia<br \/>\n\u2022 Colecistojejunostomia<br \/>\n\u2022 Colecistostomia<br \/>\n\u2022 Colecistostomia por videolaparoscopia<br \/>\n\u2022 Col\u00e9doco ou hep\u00e1tico-jejunostomia(qualquer t\u00e9cnica)<br \/>\n\u2022 Col\u00e9doco ou hepaticoplastia<br \/>\n\u2022 Col\u00e9doco-duodenostomia<br \/>\n\u2022 Coledocotomia ou coledocostomia com colecistectomia<br \/>\n\u2022 Coledocotomia ou coledocostomia com colecistectomia por videolaparoscopia<br \/>\n\u2022 Coledocotomia ou coledocostomia sem colecistectomia<br \/>\n\u2022 Coledocotomia ou coledocostomia sem colecistectomia por videolaparoscopia<br \/>\n\u2022 Desconex\u00e3o \u00e1zigo \u2013 portal com esplenectomia<br \/>\n\u2022 Desconex\u00e3o \u00e1zigo \u2013 portal sem esplenectomia<br \/>\n\u2022 Enuclea\u00e7\u00e3o de met\u00e1stases hep\u00e1ticas por videolaparoscopia<br \/>\n\u2022 Enuclea\u00e7\u00e3o de met\u00e1stases hep\u00e1ticas<br \/>\n\u2022 Lobectomia hep\u00e1tica direita<br \/>\n\u2022 Lobectomia hep\u00e1tica esquerda<br \/>\n\u2022 Papilotomia transduodenal<br \/>\n\u2022 Pun\u00e7\u00e3o hep\u00e1tica para drenagem de abscessos<br \/>\n\u2022 Ressec\u00e7\u00e3o de cisto hep\u00e1tico com hepatectomia<br \/>\n\u2022 Ressec\u00e7\u00e3o de cisto hep\u00e1tico com hepatectomia por videolaparoscopia<br \/>\n\u2022 Ressec\u00e7\u00e3o de cisto hep\u00e1tico sem hepatectomia<br \/>\n\u2022 Ressec\u00e7\u00e3o de cisto hep\u00e1tico sem hepatectomia por videolaparoscopia<br \/>\n\u2022 Ressec\u00e7\u00e3o de tumor de ves\u00edcula ou da via biliar com\/sem hepatectomia<br \/>\n\u2022 Segmentectomia hep\u00e1tica<br \/>\n\u2022 Sequestrectomia hep\u00e1tica<br \/>\n\u2022 Tratamento cir\u00fargico de estenose cicatricial das vias biliares<br \/>\n\u2022 Trissegmentectomias[\/vc_column_text][\/vc_column][vc_column width=&#8221;1\/3&#8243; rt_wrp_col_paddings=&#8221;false&#8221; rt_border_top=&#8221;&#8221; rt_border_bottom=&#8221;&#8221; rt_border_left=&#8221;&#8221; rt_border_right=&#8221;&#8221; rt_border_top_mobile=&#8221;&#8221; rt_border_bottom_mobile=&#8221;&#8221; rt_border_left_mobile=&#8221;&#8221; rt_border_right_mobile=&#8221;&#8221; rt_bg_image_repeat=&#8221;repeat&#8221; rt_bg_size=&#8221;auto auto&#8221; rt_bg_position=&#8221;right top&#8221; rt_bg_attachment=&#8221;scroll&#8221;][vc_single_image image=&#8221;2972&#8243; img_size=&#8221;&#8221; alignment=&#8221;center&#8221;]<div class=\"rt_heading_wrapper style-1\">\n\t\t\t\t\t\t<h4 class=\"rt_heading  style-1\" >Dicion\u00e1rio<\/h4>\n\t\t\t\t\t<\/div>[vc_column_text]<\/p>\n<div class=\"vpx4Fd\">\n<div class=\"pgRvse vdBwhd\"><i>substantivo masculino<\/i><\/div>\n<\/div>\n<div class=\"vmod\">\n<div class=\"thODed Uekwlc XpoqFe\">\n<div data-topic=\"\">\n<div><\/div>\n<div>\n<div class=\"QIclbb XpoqFe\">\n<div><span class=\"mQo3nc hsL7ld\">ANATOMIA GERAL<\/span><\/div>\n<div data-dobid=\"dfn\">gl\u00e2ndula volumosa anexa ao tubo digestivo que realiza s\u00ednteses e transforma\u00e7\u00f5es complexas de diversas subst\u00e2ncias como, p.ex., secre\u00e7\u00e3o de bile e transforma\u00e7\u00e3o de glicog\u00eanio em glicose.<\/div>\n<\/div>\n<\/div>\n<\/div>\n<\/div>\n<\/div>\n<p>[\/vc_column_text][\/vc_column][\/vc_row]<\/p>\n","protected":false},"excerpt":{"rendered":"<p>[vc_row rt_row_background_width=&#8221;fullwidth&#8221; rt_row_content_width=&#8221;default&#8221; rt_row_style=&#8221;default-style&#8221; rt_row_borders=&#8221;&#8221; rt_row_paddings=&#8221;false&#8221; rt_bg_effect=&#8221;parallax&#8221; rt_bg_parallax_effect=&#8221;3&#8243; rt_bg_image_repeat=&#8221;repeat&#8221; rt_bg_size=&#8221;cover&#8221; rt_bg_position=&#8221;right top&#8221; rt_bg_video_format=&#8221;self-hosted&#8221;][vc_column rt_wrp_col_paddings=&#8221;false&#8221; rt_border_top=&#8221;&#8221; rt_border_bottom=&#8221;&#8221; rt_border_left=&#8221;&#8221; rt_border_right=&#8221;&#8221; rt_border_top_mobile=&#8221;&#8221; rt_border_bottom_mobile=&#8221;&#8221; rt_border_left_mobile=&#8221;&#8221; rt_border_right_mobile=&#8221;&#8221; rt_bg_image_repeat=&#8221;repeat&#8221; rt_bg_size=&#8221;auto auto&#8221; rt_bg_position=&#8221;right top&#8221; rt_bg_attachment=&#8221;scroll&#8221;][\/vc_column][\/vc_row][vc_row rt_row_background_width=&#8221;fullwidth&#8221; rt_row_content_width=&#8221;default&#8221; rt_row_style=&#8221;default-style&#8221; rt_row_borders=&#8221;bottom&#8221; rt_row_paddings=&#8221;true&#8221; rt_bg_effect=&#8221;classic&#8221; rt_bg_image_repeat=&#8221;repeat&#8221; rt_bg_size=&#8221;cover&#8221; rt_bg_position=&#8221;right top&#8221; rt_bg_attachment=&#8221;scroll&#8221; rt_bg_video_format=&#8221;self-hosted&#8221;][vc_column width=&#8221;2\/3&#8243; rt_wrp_col_paddings=&#8221;false&#8221; rt_border_top=&#8221;&#8221; rt_border_bottom=&#8221;&#8221; rt_border_left=&#8221;&#8221; rt_border_right=&#8221;&#8221; rt_border_top_mobile=&#8221;&#8221; rt_border_bottom_mobile=&#8221;&#8221; rt_border_left_mobile=&#8221;&#8221; rt_border_right_mobile=&#8221;&#8221; rt_bg_image_repeat=&#8221;repeat&#8221; rt_bg_size=&#8221;auto auto&#8221; rt_bg_position=&#8221;right top&#8221; [&hellip;]<\/p>\n","protected":false},"author":1,"featured_media":0,"parent":0,"menu_order":0,"comment_status":"open","ping_status":"open","template":"","meta":[],"_links":{"self":[{"href":"http:\/\/drantoniojunior.com.br\/novo\/index.php\/wp-json\/wp\/v2\/pages\/2971"}],"collection":[{"href":"http:\/\/drantoniojunior.com.br\/novo\/index.php\/wp-json\/wp\/v2\/pages"}],"about":[{"href":"http:\/\/drantoniojunior.com.br\/novo\/index.php\/wp-json\/wp\/v2\/types\/page"}],"author":[{"embeddable":true,"href":"http:\/\/drantoniojunior.com.br\/novo\/index.php\/wp-json\/wp\/v2\/users\/1"}],"replies":[{"embeddable":true,"href":"http:\/\/drantoniojunior.com.br\/novo\/index.php\/wp-json\/wp\/v2\/comments?post=2971"}],"version-history":[{"count":1,"href":"http:\/\/drantoniojunior.com.br\/novo\/index.php\/wp-json\/wp\/v2\/pages\/2971\/revisions"}],"predecessor-version":[{"id":2973,"href":"http:\/\/drantoniojunior.com.br\/novo\/index.php\/wp-json\/wp\/v2\/pages\/2971\/revisions\/2973"}],"wp:attachment":[{"href":"http:\/\/drantoniojunior.com.br\/novo\/index.php\/wp-json\/wp\/v2\/media?parent=2971"}],"curies":[{"name":"wp","href":"https:\/\/api.w.org\/{rel}","templated":true}]}}