{"id":2538,"date":"2015-02-21T01:17:29","date_gmt":"2015-02-21T01:17:29","guid":{"rendered":"http:\/\/rttheme19.rtthemes.com\/?page_id=2538"},"modified":"2021-02-15T18:55:40","modified_gmt":"2021-02-15T21:55:40","slug":"home-page-2","status":"publish","type":"page","link":"http:\/\/drantoniojunior.com.br\/novo\/","title":{"rendered":"Home Page"},"content":{"rendered":"<p>[vc_row rt_row_background_width=&#8221;default&#8221; rt_row_style=&#8221;default-style&#8221; rt_row_borders=&#8221;&#8221; rt_row_paddings=&#8221;false&#8221; rt_bg_effect=&#8221;classic&#8221; rt_bg_image_repeat=&#8221;repeat&#8221; rt_bg_size=&#8221;cover&#8221; rt_bg_position=&#8221;right top&#8221; rt_bg_attachment=&#8221;scroll&#8221; rt_bg_video_format=&#8221;self-hosted&#8221;][vc_column rt_wrp_col_paddings=&#8221;false&#8221; rt_border_top=&#8221;&#8221; rt_border_bottom=&#8221;&#8221; rt_border_left=&#8221;&#8221; rt_border_right=&#8221;&#8221; rt_border_top_mobile=&#8221;&#8221; rt_border_bottom_mobile=&#8221;&#8221; rt_border_left_mobile=&#8221;&#8221; rt_border_right_mobile=&#8221;&#8221; rt_bg_image_repeat=&#8221;repeat&#8221; rt_bg_size=&#8221;auto auto&#8221; rt_bg_position=&#8221;right top&#8221; rt_bg_attachment=&#8221;scroll&#8221;]<div id=\"content-slider-293342\" style=\"min-height:480px;\" class=\"rt-carousel main-carousel carousel-holder clearfix\" data-item-width=\"1\" data-nav=\"true\" data-dots=\"true\" data-parallax=\"true\" data-timeout=\"5000\" data-autoplay=\"true\">\n<div class=\"owl-carousel\">\n\n\t\t<div class=\"item  global-style slide-background\" style=\"background-image: url(http:\/\/drantoniojunior.com.br\/novo\/wp-content\/uploads\/2019\/10\/banner0.jpg);background-repeat: no-repeat;background-size: 100% auto;background-position: center center;min-height: 480px;\">\n\t\t\t\n\t\t\t<div class=\"slide-content-wrapper fullwidth clearfix\">\n\t\t\t\t<div class=\"slide-content animation  right\" >\t\t\t\t\t\n\t\t\t\t\t\n\t\t\t\t<\/div>\n\t\t\t<\/div>\n\t\t<\/div>\n\t\t<div class=\"item  global-style slide-background\" style=\"background-image: url(http:\/\/drantoniojunior.com.br\/novo\/wp-content\/uploads\/2019\/10\/bannerartigos.jpg);background-repeat: no-repeat;background-size: 100% auto;background-position: center center;min-height: 480px;\">\n\t\t\t\n\t\t\t<div class=\"slide-content-wrapper fullwidth clearfix\">\n\t\t\t\t<div class=\"slide-content animation  right\" >\t\t\t\t\t\n\t\t\t\t\t\n\t\t\t\t<\/div>\n\t\t\t<\/div>\n\t\t<\/div>\n\t\t<div class=\"item  global-style slide-background\" style=\"background-image: url(http:\/\/drantoniojunior.com.br\/novo\/wp-content\/uploads\/2019\/10\/bannerequipe.jpg);background-repeat: no-repeat;background-size: 100% auto;background-position: center center;min-height: 480px;\">\n\t\t\t<a href=\"http:\/\/drantoniojunior.com.br\/novo\/index.php\/equipe\/\" target=\"_self\" title=\"\"><\/a>\n\t\t\t<div class=\"slide-content-wrapper fullwidth clearfix\">\n\t\t\t\t<div class=\"slide-content animation  right\" >\t\t\t\t\t\n\t\t\t\t\t\n\t\t\t\t<\/div>\n\t\t\t<\/div>\n\t\t<\/div>\n\t\t<div class=\"item  global-style slide-background\" style=\"background-image: url(http:\/\/drantoniojunior.com.br\/novo\/wp-content\/uploads\/2019\/10\/bannervideos.jpg);background-repeat: no-repeat;background-size: 100% auto;background-position: center center;min-height: 480px;\">\n\t\t\t<a href=\"http:\/\/drantoniojunior.com.br\/novo\/index.php\/videos\/\" target=\"_self\" title=\"\"><\/a>\n\t\t\t<div class=\"slide-content-wrapper fullwidth clearfix\">\n\t\t\t\t<div class=\"slide-content animation  right\" >\t\t\t\t\t\n\t\t\t\t\t\n\t\t\t\t<\/div>\n\t\t\t<\/div>\n\t\t<\/div><\/div>\n<\/div>\n[\/vc_column][\/vc_row][vc_row rt_row_background_width=&#8221;default&#8221; rt_row_style=&#8221;default-style&#8221; rt_row_borders=&#8221;bottom&#8221; rt_overlap=&#8221;true&#8221; rt_row_paddings=&#8221;true&#8221; rt_bg_effect=&#8221;parallax&#8221; rt_bg_parallax_effect=&#8221;1&#8243; rt_bg_image_repeat=&#8221;repeat&#8221; rt_bg_size=&#8221;auto auto&#8221; rt_bg_position=&#8221;right top&#8221; rt_bg_video_format=&#8221;self-hosted&#8221; rt_row_width=&#8221;default&#8221; rt_row_placement=&#8221;true&#8221; rt_padding_top=&#8221;40&#8243; rt_padding_bottom=&#8221;40&#8243;][vc_column rt_wrp_col_paddings=&#8221;false&#8221; rt_border_top=&#8221;&#8221; rt_border_bottom=&#8221;&#8221; rt_border_left=&#8221;&#8221; rt_border_right=&#8221;&#8221; rt_border_top_mobile=&#8221;&#8221; rt_border_bottom_mobile=&#8221;&#8221; rt_border_left_mobile=&#8221;&#8221; rt_border_right_mobile=&#8221;&#8221; rt_bg_image_repeat=&#8221;repeat&#8221; rt_bg_size=&#8221;auto auto&#8221; rt_bg_position=&#8221;right top&#8221; rt_bg_attachment=&#8221;scroll&#8221;]\n\t\t\t\t<div  class=\"banner withbutton clearfix\" data-rt-animate=\"animate\" data-rt-animation-type=\"fadeIn\" data-rt-animation-group=\"single\" >\n\t\t\t\t\t<div class=\"featured_text\">\n\t\t\t\t\t\t<h4>\u00c1rea do Paciente: <span class=\"highlight style-1\"> Conv\u00eanios, Hospitais e Termos<\/span> e <a href=\"http:\/\/drantoniojunior.com.br\/novo\/index.php\/informacoes\/\">outras informa\u00e7\u00f5es.<\/a><\/h4>\n\n\t\t\t\t\t<\/div>\n\t\t\t\t\t<div class=\"button_holder\"><div>\n\t\t\t<div class=\"button_wrapper \"><a  href=\"http:\/\/drantoniojunior.com.br\/novo\/index.php\/depoimentos\/\" target=\"_self\" title=\"Depoimentos\" class=\"button_  color medium\">Veja Depoimentos<\/a><\/div>\n\t\t<\/div><\/div>\t\t\t\t\n\t\t\t\t<\/div>\n\t\t\t[\/vc_column][\/vc_row][vc_row rt_row_background_width=&#8221;default&#8221; rt_row_style=&#8221;default-style&#8221; rt_row_borders=&#8221;&#8221; rt_row_paddings=&#8221;true&#8221; rt_bg_effect=&#8221;classic&#8221; rt_bg_image_repeat=&#8221;repeat&#8221; rt_bg_size=&#8221;cover&#8221; rt_bg_position=&#8221;right top&#8221; rt_bg_attachment=&#8221;scroll&#8221; rt_bg_video_format=&#8221;self-hosted&#8221;][vc_column width=&#8221;1\/3&#8243; rt_wrp_col_paddings=&#8221;false&#8221; rt_border_top=&#8221;&#8221; rt_border_bottom=&#8221;&#8221; rt_border_left=&#8221;&#8221; rt_border_right=&#8221;&#8221; rt_border_top_mobile=&#8221;&#8221; rt_border_bottom_mobile=&#8221;&#8221; rt_border_left_mobile=&#8221;&#8221; rt_border_right_mobile=&#8221;&#8221; rt_bg_image_repeat=&#8221;repeat&#8221; rt_bg_size=&#8221;auto auto&#8221; rt_bg_position=&#8221;right top&#8221; rt_bg_attachment=&#8221;scroll&#8221;]<div class=\"rt_heading_wrapper style-1\">\n\t\t\t\t\t\t<h2 class=\"rt_heading  style-1\" >Calculadora de IMC<\/h2>\n\t\t\t\t\t<\/div>[vc_column_text]IMC \u00e9 a sigla para \u00cdndice de Massa Corp\u00f3rea, par\u00e2metro adotado pela Organiza\u00e7\u00e3o Mundial de Sa\u00fade para calcular o peso ideal de cada pessoa.<\/p>\n<p>O \u00edndice \u00e9 calculado da seguinte maneira: divide-se o peso do paciente pela sua altura elevada ao quadrado. Diz-se que o indiv\u00edduo tem peso normal quando o resultado do IMC est\u00e1 entre 18,5 e 24,9.[\/vc_column_text][\/vc_column][vc_column width=&#8221;1\/3&#8243; rt_wrp_col_paddings=&#8221;false&#8221; rt_border_top=&#8221;&#8221; rt_border_bottom=&#8221;&#8221; rt_border_left=&#8221;&#8221; rt_border_right=&#8221;&#8221; rt_border_top_mobile=&#8221;&#8221; rt_border_bottom_mobile=&#8221;&#8221; rt_border_left_mobile=&#8221;&#8221; rt_border_right_mobile=&#8221;&#8221; rt_bg_image_repeat=&#8221;repeat&#8221; rt_bg_size=&#8221;auto auto&#8221; rt_bg_position=&#8221;right top&#8221; rt_bg_attachment=&#8221;scroll&#8221;][vc_raw_html]JTNDc2NyaXB0JTIwdHlwZSUzRCUyMnRleHQlMkZqYXZhc2NyaXB0JTIyJTNFJTBBJTBBZnVuY3Rpb24lMjAlMjBjYWxjdWxhdGVCTUklMjglMjklMjAlN0IlMEElMEElMEElMjAlMjB2YXIlMjB3ZWlnaHQlMjAlM0QlMjBldmFsJTI4ZG9jdW1lbnQuZm9ybS53ZWlnaHQudmFsdWUlMjklMEElMjAlMjB2YXIlMjBoZWlnaHQlMjAlM0QlMjBldmFsJTI4ZG9jdW1lbnQuZm9ybS5oZWlnaHQudmFsdWUlMjklMEElMjAlMjB2YXIlMjBoZWlnaHQyJTIwJTNEJTIwaGVpZ2h0JTIwJTJGJTIwMTAwJTBBJTIwJTIwdmFyJTIwQk1JJTIwJTNEJTIwd2VpZ2h0JTIwJTIwJTJGJTIwJTI4aGVpZ2h0MiUyMCUyQSUyMGhlaWdodDIlMjklMEElMjAlMjBkb2N1bWVudC5mb3JtLkJvZHlNYXNzSW5kZXgudmFsdWUlM0RjdXN0Um91bmQlMjhCTUklMkMxJTI5JTNCJTBBJTdEJTBBJTBBZnVuY3Rpb24lMjBjdXN0Um91bmQlMjh4JTJDcGxhY2VzJTI5JTIwJTdCJTBBJTIwJTIwcmV0dXJuJTIwJTI4TWF0aC5yb3VuZCUyOHglMkFNYXRoLnBvdyUyODEwJTJDcGxhY2VzJTI5JTI5JTI5JTJGTWF0aC5wb3clMjgxMCUyQ3BsYWNlcyUyOSUwQSU3RCUwQSUwQSUzQyUyRnNjcmlwdCUzRSUwQSUyMCUyMCUyMCUyMCUyMCUyMCUyMCUyMCUyMCUyMCUyMCUyMCUyMCUyMCUyMCUyMCUyMCUyMCUyMCUyMCUyMCUwOSUzQ3AlM0UlM0NjZW50ZXIlM0UlMEElM0Nmb3JtJTIwJTIwbmFtZSUzRCUyMmZvcm0lMjIlMjBpZCUzRCUyMmZvcm0lMjIlM0UlMEElM0NjZW50ZXIlM0VBbHR1cmElMjAlMjhjbSUyOSUzQSUyMCUzQ2lucHV0JTIwdHlwZSUzRCUyMlRleHQlMjIlMjBuYW1lJTNEJTIyaGVpZ2h0JTIyJTIwc2l6ZSUzRCUyMjYlMjIlM0UlMjAlM0NiciUzRSUzQ2JyJTNFJTBBUGVzbyUyMCUyOGtnJTI5JTIwJTNBJTIwJTNDaW5wdXQlMjB0eXBlJTNEJTIyVGV4dCUyMiUyMG5hbWUlM0QlMjJ3ZWlnaHQlMjIlMjBzaXplJTNEJTIyNiUyMiUzRSUyMCUzQ2JyJTNFJTNDYnIlM0UlMEElMEElMEFTZXUlMjBJTUMlMjAlM0ElMjAlM0NpbnB1dCUyMHR5cGUlM0QlMjJUZXh0JTIyJTIwbmFtZSUzRCUyMkJvZHlNYXNzSW5kZXglMjIlMjBpZCUzRCUyMkJvZHlNYXNzSW5kZXglMjIlMjBzaXplJTNEJTIyNiUyMiUzRSUzQyUyRnAlM0UlM0MlMkZjZW50ZXIlM0UlM0MlMkZmb3JtJTNF[\/vc_raw_html]<div class=\"button_wrapper  aligncenter\"><a  href=\"javascript:calculateBMI()\" target=\"_self\" title=\"Calcular\" class=\"button_  default small\">Calcular<\/a><\/div>[\/vc_column][vc_column width=&#8221;1\/3&#8243; rt_wrp_col_paddings=&#8221;false&#8221; rt_border_top=&#8221;&#8221; rt_border_bottom=&#8221;&#8221; rt_border_left=&#8221;&#8221; rt_border_right=&#8221;&#8221; rt_border_top_mobile=&#8221;&#8221; rt_border_bottom_mobile=&#8221;&#8221; rt_border_left_mobile=&#8221;&#8221; rt_border_right_mobile=&#8221;&#8221; rt_bg_image_repeat=&#8221;repeat&#8221; rt_bg_size=&#8221;auto auto&#8221; rt_bg_position=&#8221;right top&#8221; rt_bg_attachment=&#8221;scroll&#8221;]<div class=\"rt_heading_wrapper style-1\">\n\t\t\t\t\t\t<h2 class=\"rt_heading  style-1\" >Resultado<\/h2>\n\t\t\t\t\t<\/div>[vc_single_image image=&#8221;3104&#8243; img_size=&#8221;&#8221;][\/vc_column][\/vc_row][vc_row rt_row_background_width=&#8221;default&#8221; rt_row_style=&#8221;default-style&#8221; rt_row_borders=&#8221;&#8221; rt_grid=&#8221;true&#8221; rt_row_paddings=&#8221;true&#8221; rt_bg_effect=&#8221;classic&#8221; rt_bg_image_repeat=&#8221;repeat&#8221; rt_bg_size=&#8221;cover&#8221; rt_bg_position=&#8221;right top&#8221; rt_bg_attachment=&#8221;scroll&#8221; rt_bg_video_format=&#8221;self-hosted&#8221; rt_padding_top=&#8221;40&#8243; rt_padding_bottom=&#8221;40&#8243;][vc_column width=&#8221;1\/3&#8243; rt_wrp_col_paddings=&#8221;false&#8221; rt_border_top=&#8221;&#8221; rt_border_bottom=&#8221;&#8221; rt_border_left=&#8221;&#8221; rt_border_right=&#8221;&#8221; rt_border_top_mobile=&#8221;&#8221; rt_border_bottom_mobile=&#8221;&#8221; rt_border_left_mobile=&#8221;&#8221; rt_border_right_mobile=&#8221;&#8221; rt_bg_image_repeat=&#8221;repeat&#8221; rt_bg_size=&#8221;auto auto&#8221; rt_bg_position=&#8221;right top&#8221; rt_bg_attachment=&#8221;scroll&#8221;]<article   class=\"image-content-box content-box box-style-1 left\"><div class=\"featured_image_holder\"><a href=\"http:\/\/drantoniojunior.com.br\/novo\/index.php\/perfil\/\" title=\"ver mais....\" target=\"_self\"><img class=\"img-responsive\" src=\"http:\/\/drantoniojunior.com.br\/novo\/wp-content\/uploads\/2019\/10\/faceantonio.jpg\" alt=\"\" \/><\/a><\/div><div class=\"text-holder\">\n\t<h4 class=\"heading\" >\n\t\t<a href=\"http:\/\/drantoniojunior.com.br\/novo\/index.php\/perfil\/\" title=\"Perfil\" target=\"_self\" >\n\t\t\tPerfil\n\t\t<\/a>\n\t<\/h4> <p>Saiba mais sobre Dr. Antonio Junior, sua biografia, forma\u00e7\u00e3o e demais informa\u00e7\u00f5es.<\/p>\n<a class=\"read_more\" href=\"http:\/\/drantoniojunior.com.br\/novo\/index.php\/perfil\/\" title=\"ver mais....\" target=\"_self\" >ver mais....<\/a><\/div><\/article>[\/vc_column][vc_column width=&#8221;1\/3&#8243; rt_wrp_col_paddings=&#8221;false&#8221; rt_border_top=&#8221;&#8221; rt_border_bottom=&#8221;&#8221; rt_border_left=&#8221;&#8221; rt_border_right=&#8221;&#8221; rt_border_top_mobile=&#8221;&#8221; rt_border_bottom_mobile=&#8221;&#8221; rt_border_left_mobile=&#8221;&#8221; rt_border_right_mobile=&#8221;&#8221; rt_bg_image_repeat=&#8221;repeat&#8221; rt_bg_size=&#8221;auto auto&#8221; rt_bg_position=&#8221;right top&#8221; rt_bg_attachment=&#8221;scroll&#8221;]<article   class=\"image-content-box content-box box-style-1 left\"><div class=\"featured_image_holder\"><a href=\"http:\/\/drantoniojunior.com.br\/novo\/index.php\/equipe\/\" title=\"ver mais...\" target=\"_self\"><img class=\"img-responsive\" src=\"http:\/\/drantoniojunior.com.br\/novo\/wp-content\/uploads\/2019\/10\/faceequipe.jpg\" alt=\"\" \/><\/a><\/div><div class=\"text-holder\">\n\t<h4 class=\"heading\" >\n\t\t<a href=\"http:\/\/drantoniojunior.com.br\/novo\/index.php\/equipe\/\" title=\"Equipe\" target=\"_self\" >\n\t\t\tEquipe\n\t\t<\/a>\n\t<\/h4> <p>Conhe\u00e7a a equipe multidisciplinar de Dr. Antonio Junior que o acompanha em todas as cirurgias.<\/p>\n<a class=\"read_more\" href=\"http:\/\/drantoniojunior.com.br\/novo\/index.php\/equipe\/\" title=\"ver mais...\" target=\"_self\" >ver mais...<\/a><\/div><\/article>[\/vc_column][vc_column width=&#8221;1\/3&#8243; rt_wrp_col_paddings=&#8221;false&#8221; rt_border_top=&#8221;&#8221; rt_border_bottom=&#8221;&#8221; rt_border_left=&#8221;&#8221; rt_border_right=&#8221;&#8221; rt_border_top_mobile=&#8221;&#8221; rt_border_bottom_mobile=&#8221;&#8221; rt_border_left_mobile=&#8221;&#8221; rt_border_right_mobile=&#8221;&#8221; rt_bg_image_repeat=&#8221;repeat&#8221; rt_bg_size=&#8221;auto auto&#8221; rt_bg_position=&#8221;right top&#8221; rt_bg_attachment=&#8221;scroll&#8221;]<article   class=\"image-content-box content-box box-style-1 left\"><div class=\"featured_image_holder\"><a href=\"http:\/\/drantoniojunior.com.br\/novo\/index.php\/cirurgias\/\" title=\"ver mais...\" target=\"_self\"><img class=\"img-responsive\" src=\"http:\/\/drantoniojunior.com.br\/novo\/wp-content\/uploads\/2014\/02\/equipe1.jpg\" alt=\"\" \/><\/a><\/div><div class=\"text-holder\">\n\t<h4 class=\"heading\" >\n\t\t<a href=\"http:\/\/drantoniojunior.com.br\/novo\/index.php\/cirurgias\/\" title=\"Cirurgias\" target=\"_self\" >\n\t\t\tCirurgias\n\t\t<\/a>\n\t<\/h4> <p>Conhe\u00e7as todas as cirurgias e procedimentos do aparelho digestivo feitos pelo Dr. Antonio Junior.<\/p>\n<a class=\"read_more\" href=\"http:\/\/drantoniojunior.com.br\/novo\/index.php\/cirurgias\/\" title=\"ver mais...\" target=\"_self\" >ver mais...<\/a><\/div><\/article>[\/vc_column][\/vc_row][vc_row rt_row_background_width=&#8221;fullwidth&#8221; rt_row_content_width=&#8221;default&#8221; rt_row_style=&#8221;alt-style-1&#8243; rt_row_borders=&#8221;&#8221; rt_row_paddings=&#8221;false&#8221; rt_bg_effect=&#8221;parallax&#8221; rt_bg_parallax_effect=&#8221;2&#8243; rt_bg_image_repeat=&#8221;no-repeat&#8221; rt_bg_size=&#8221;cover&#8221; rt_bg_position=&#8221;right top&#8221; rt_bg_video_format=&#8221;self-hosted&#8221;][vc_column rt_wrp_col_paddings=&#8221;false&#8221; rt_border_top=&#8221;&#8221; rt_border_bottom=&#8221;&#8221; rt_border_left=&#8221;&#8221; rt_border_right=&#8221;&#8221; rt_border_top_mobile=&#8221;&#8221; rt_border_bottom_mobile=&#8221;&#8221; rt_border_left_mobile=&#8221;&#8221; rt_border_right_mobile=&#8221;&#8221; rt_bg_image_repeat=&#8221;repeat&#8221; rt_bg_size=&#8221;auto auto&#8221; rt_bg_position=&#8221;right top&#8221; rt_bg_attachment=&#8221;scroll&#8221; rt_padding_top=&#8221;60&#8243; rt_padding_bottom=&#8221;20&#8243; rt_bg_color=&#8221;rgba(255,255,255,0.64)&#8221; rt_padding_left=&#8221;40&#8243; rt_padding_right=&#8221;40&#8243;]<div class=\"rt_heading_wrapper style-4\">\n\t\t\t\t\t\t<span class=\"punchline\">Obesidade Severa<\/span><h2 class=\"rt_heading  with_punchline style-4\" >5 elementos<\/h2>\n\t\t\t\t\t<\/div>[\/vc_column][\/vc_row][vc_row rt_row_background_width=&#8221;fullwidth&#8221; rt_row_content_width=&#8221;default&#8221; rt_row_style=&#8221;default-style&#8221; rt_row_borders=&#8221;&#8221; rt_row_paddings=&#8221;true&#8221; rt_bg_effect=&#8221;parallax&#8221; rt_bg_parallax_effect=&#8221;1&#8243; rt_bg_image_repeat=&#8221;repeat&#8221; rt_bg_size=&#8221;auto auto&#8221; rt_bg_position=&#8221;right top&#8221; rt_bg_video_format=&#8221;self-hosted&#8221; rt_row_width=&#8221;default&#8221; rt_padding_top=&#8221;60&#8243; rt_padding_bottom=&#8221;0&#8243;][vc_column width=&#8221;1\/2&#8243; rt_wrp_col_paddings=&#8221;false&#8221; rt_border_top=&#8221;&#8221; rt_border_bottom=&#8221;&#8221; rt_border_left=&#8221;&#8221; rt_border_right=&#8221;&#8221; rt_border_top_mobile=&#8221;&#8221; rt_border_bottom_mobile=&#8221;&#8221; rt_border_left_mobile=&#8221;&#8221; rt_border_right_mobile=&#8221;&#8221; rt_bg_image_repeat=&#8221;repeat&#8221; rt_bg_size=&#8221;auto auto&#8221; rt_bg_position=&#8221;right top&#8221; rt_bg_attachment=&#8221;scroll&#8221;]\t \n\t\t<div  class=\"chained_contents style-2  right\" data-rt-animation-group=\"group\" >\n\t\t\t \n\t\t<div  class=\"\" data-rt-animate=\"animate\" data-rt-animation-type=\"fadeInDown\">\n\t\t<span class=\"number\">1<\/span><div class=\"list-content\"><h4 class=\"list-title\">Cirurgia<\/h4><p>A Cirurgia da Obesidade \u00e9 o primeiro elemento do processo da cirurgia bari\u00e1trica.<\/p>\n<\/div>\n\t\t<\/div>\n\t\t \n\t\t<div  class=\"\" data-rt-animate=\"animate\" data-rt-animation-type=\"fadeInDown\">\n\t\t<span class=\"number\">2<\/span><div class=\"list-content\"><h4 class=\"list-title\">Dieta<\/h4><p>A Dieta \u00e9 um aliado importante na introdu\u00e7\u00e3o de nutrientes para a manuten\u00e7\u00e3o de peso.<\/p>\n<\/div>\n\t\t<\/div>\n\t\t \n\t\t<div  class=\"\" data-rt-animate=\"animate\" data-rt-animation-type=\"fadeInDown\">\n\t\t<span class=\"number\">3<\/span><div class=\"list-content\"><h4 class=\"list-title\">Atividade F\u00edsica<\/h4><p>A Atividade F\u00edsica \u00e9 muito importante para a recupera\u00e7\u00e3o p\u00f3s-cir\u00fargica, desde que supervisionada por profissional da \u00e1rea.<\/p>\n<\/div>\n\t\t<\/div>\n\t\t \n\t\t<div  class=\"\" data-rt-animate=\"animate\" data-rt-animation-type=\"fadeInDown\">\n\t\t<span class=\"number\">4<\/span><div class=\"list-content\"><h4 class=\"list-title\">Suplementa\u00e7\u00e3o Vitam\u00ednica<\/h4><p>A import\u00e2ncia da Suplementa\u00e7\u00e3o Vitam\u00ednica para o tratamento de Obesidade Severa.<\/p>\n<\/div>\n\t\t<\/div>\n\t\t \n\t\t<div  class=\"\" data-rt-animate=\"animate\" data-rt-animation-type=\"fadeInDown\">\n\t\t<span class=\"number\">5<\/span><div class=\"list-content\"><h4 class=\"list-title\">Acompanhamento Psicol\u00f3gico<\/h4><p>O Acompanhamento Psicol\u00f3gico \u00e9 fundamental para o entendimento de seu novo corpo e suas limita\u00e7\u00f5es.<\/p>\n<\/div>\n\t\t<\/div>\n\t\n\t\t<\/div>\n\t[\/vc_column][vc_column width=&#8221;1\/2&#8243; rt_wrp_col_paddings=&#8221;false&#8221; rt_border_top=&#8221;&#8221; rt_border_bottom=&#8221;&#8221; rt_border_left=&#8221;&#8221; rt_border_right=&#8221;&#8221; rt_border_top_mobile=&#8221;&#8221; rt_border_bottom_mobile=&#8221;&#8221; rt_border_left_mobile=&#8221;&#8221; rt_border_right_mobile=&#8221;&#8221; rt_bg_image_repeat=&#8221;repeat&#8221; rt_bg_size=&#8221;auto auto&#8221; rt_bg_position=&#8221;right top&#8221; rt_bg_attachment=&#8221;scroll&#8221;][vc_single_image image=&#8221;2834&#8243; img_size=&#8221;full&#8221; add_caption=&#8221;yes&#8221; alignment=&#8221;center&#8221;][vc_btn title=&#8221;V\u00eddeo da Obesidade&#8221; color=&#8221;orange&#8221; align=&#8221;center&#8221; i_icon_fontawesome=&#8221;fa fa-film&#8221; add_icon=&#8221;true&#8221; link=&#8221;url:http%3A%2F%2Fdrantoniojunior.com.br%2Fnovo%2Findex.php%2F2019%2F10%2F15%2Fobesidade%2F|title:Assistir%20v%C3%ADdeo||&#8221;][vc_empty_space][\/vc_column][\/vc_row]<\/p>\n","protected":false},"excerpt":{"rendered":"<p>[vc_row rt_row_background_width=&#8221;default&#8221; rt_row_style=&#8221;default-style&#8221; rt_row_borders=&#8221;&#8221; rt_row_paddings=&#8221;false&#8221; rt_bg_effect=&#8221;classic&#8221; rt_bg_image_repeat=&#8221;repeat&#8221; rt_bg_size=&#8221;cover&#8221; rt_bg_position=&#8221;right top&#8221; rt_bg_attachment=&#8221;scroll&#8221; rt_bg_video_format=&#8221;self-hosted&#8221;][vc_column rt_wrp_col_paddings=&#8221;false&#8221; rt_border_top=&#8221;&#8221; rt_border_bottom=&#8221;&#8221; rt_border_left=&#8221;&#8221; rt_border_right=&#8221;&#8221; rt_border_top_mobile=&#8221;&#8221; rt_border_bottom_mobile=&#8221;&#8221; rt_border_left_mobile=&#8221;&#8221; rt_border_right_mobile=&#8221;&#8221; rt_bg_image_repeat=&#8221;repeat&#8221; rt_bg_size=&#8221;auto auto&#8221; rt_bg_position=&#8221;right top&#8221; rt_bg_attachment=&#8221;scroll&#8221;][\/vc_column][\/vc_row][vc_row rt_row_background_width=&#8221;default&#8221; rt_row_style=&#8221;default-style&#8221; rt_row_borders=&#8221;bottom&#8221; rt_overlap=&#8221;true&#8221; rt_row_paddings=&#8221;true&#8221; rt_bg_effect=&#8221;parallax&#8221; rt_bg_parallax_effect=&#8221;1&#8243; rt_bg_image_repeat=&#8221;repeat&#8221; rt_bg_size=&#8221;auto auto&#8221; rt_bg_position=&#8221;right top&#8221; rt_bg_video_format=&#8221;self-hosted&#8221; rt_row_width=&#8221;default&#8221; rt_row_placement=&#8221;true&#8221; rt_padding_top=&#8221;40&#8243; rt_padding_bottom=&#8221;40&#8243;][vc_column rt_wrp_col_paddings=&#8221;false&#8221; rt_border_top=&#8221;&#8221; rt_border_bottom=&#8221;&#8221; rt_border_left=&#8221;&#8221; rt_border_right=&#8221;&#8221; rt_border_top_mobile=&#8221;&#8221; rt_border_bottom_mobile=&#8221;&#8221; rt_border_left_mobile=&#8221;&#8221; rt_border_right_mobile=&#8221;&#8221; rt_bg_image_repeat=&#8221;repeat&#8221; rt_bg_size=&#8221;auto [&hellip;]<\/p>\n","protected":false},"author":1,"featured_media":0,"parent":0,"menu_order":0,"comment_status":"open","ping_status":"open","template":"","meta":[],"_links":{"self":[{"href":"http:\/\/drantoniojunior.com.br\/novo\/index.php\/wp-json\/wp\/v2\/pages\/2538"}],"collection":[{"href":"http:\/\/drantoniojunior.com.br\/novo\/index.php\/wp-json\/wp\/v2\/pages"}],"about":[{"href":"http:\/\/drantoniojunior.com.br\/novo\/index.php\/wp-json\/wp\/v2\/types\/page"}],"author":[{"embeddable":true,"href":"http:\/\/drantoniojunior.com.br\/novo\/index.php\/wp-json\/wp\/v2\/users\/1"}],"replies":[{"embeddable":true,"href":"http:\/\/drantoniojunior.com.br\/novo\/index.php\/wp-json\/wp\/v2\/comments?post=2538"}],"version-history":[{"count":65,"href":"http:\/\/drantoniojunior.com.br\/novo\/index.php\/wp-json\/wp\/v2\/pages\/2538\/revisions"}],"predecessor-version":[{"id":3155,"href":"http:\/\/drantoniojunior.com.br\/novo\/index.php\/wp-json\/wp\/v2\/pages\/2538\/revisions\/3155"}],"wp:attachment":[{"href":"http:\/\/drantoniojunior.com.br\/novo\/index.php\/wp-json\/wp\/v2\/media?parent=2538"}],"curies":[{"name":"wp","href":"https:\/\/api.w.org\/{rel}","templated":true}]}}